{"id":61,"date":"2019-02-13T07:32:02","date_gmt":"2019-02-13T10:32:02","guid":{"rendered":"https:\/\/hostalfrancisdrake.com\/site\/contact\/"},"modified":"2025-06-13T13:38:22","modified_gmt":"2025-06-13T16:38:22","slug":"contact","status":"publish","type":"page","link":"https:\/\/hostalfrancisdrake.com\/site\/contact\/","title":{"rendered":"Contact"},"content":{"rendered":"<!--themify_builder_content-->\n<div id=\"themify_builder_content-61\" data-postid=\"61\" class=\"themify_builder_content themify_builder_content-61 themify_builder tf_clear\">\n                    <div  data-lazy=\"1\" class=\"module_row themify_builder_row tb_eqf7838 tb_first tf_w\">\n                        <div class=\"row_inner col_align_top tb_col_count_1 tf_box tf_rel\">\n                        <div  data-lazy=\"1\" class=\"module_column tb-column col-full tb_fi68839 first\">\n                            <\/div>\n                        <\/div>\n        <\/div>\n                        <div  data-lazy=\"1\" class=\"module_row themify_builder_row tb_lx9b838 tf_w\">\n                        <div class=\"row_inner col_align_top tb_col_count_1 tf_box tf_rel\">\n                        <div  data-lazy=\"1\" class=\"module_column tb-column col-full tb_i795839 first\">\n                    <!-- module fancy heading -->\n<div  class=\"module module-fancy-heading tb_tvx8840  tb_hide_divider\" data-lazy=\"1\">\n        <h3 class=\"fancy-heading tf_textc\">\n    <span class=\"main-head tf_block\">\n                    Contact Us            <\/span>\n\n    \n    <span class=\"sub-head tf_block tf_rel\">\n                    Get in touch with us            <\/span>\n    <\/h3>\n<\/div>\n<!-- \/module fancy heading -->\n<!-- module image -->\n<div  class=\"module module-image tb_qz0a840 image-center   tf_mw\" data-lazy=\"1\">\n        <div class=\"image-wrap tf_rel tf_mw\">\n            <img loading=\"lazy\" decoding=\"async\" width=\"300\" height=\"21\" src=\"https:\/\/hostalfrancisdrake.com\/site\/wp-content\/uploads\/2025\/01\/coffee-bean-divider.png\" class=\"wp-post-image wp-image-12\" title=\"coffee-bean-divider\" alt=\"coffee-bean-divider\">    \n        <\/div>\n    <!-- \/image-wrap -->\n    \n        <\/div>\n<!-- \/module image -->        <\/div>\n                        <\/div>\n        <\/div>\n                        <div  data-lazy=\"1\" class=\"module_row themify_builder_row tb_whfc838 tf_w\">\n            <span class=\"builder_row_cover tf_abs\"><\/span>            <div class=\"row_inner col_align_top tb_col_count_1 tf_box tf_rel\">\n                        <div  data-lazy=\"1\" class=\"module_column tb-column col-full tb_8g0c844 first\">\n                    <!-- module fancy heading -->\n<div  class=\"module module-fancy-heading tb_tm5u844  tb_hide_divider\" data-lazy=\"1\">\n        <h3 class=\"fancy-heading tf_textc\">\n    <span class=\"main-head tf_block\">\n                    Write To Us            <\/span>\n\n    \n    <span class=\"sub-head tf_block tf_rel\">\n                                <\/span>\n    <\/h3>\n<\/div>\n<!-- \/module fancy heading -->\n<!-- module contact -->\n<div  id=\"tb_za7b844\" class=\"module module-contact tb_za7b844 contact-animated-label \" data-lazy=\"1\">\n    \n\t<form class=\"builder-contact\"\n\t\tid=\"tb_za7b844-form\"\n\t\tmethod=\"post\"\n\t\tdata-post-id=\"61\"\n\t\tdata-element-id=\"za7b844\"\n\t\tdata-orig-id=\"61\"\n\t>\n    <div class=\"contact-message\"><\/div>\n\t<div class=\"builder-contact-fields tf_rel\">\n\t\t    \t\t    <div class=\"builder-contact-field builder-contact-field-name builder-contact-text-field\">\n\t\t\t    <label class=\"control-label\" for=\"tb_za7b844-contact-name\">\n\t\t\t\t\t\t\t\t\t\t<span class=\"tb-label-span\">Your Name <\/span><span class=\"required\">*<\/span>\t\t\t\t<\/label>\n\t\t\t    <div class=\"control-input tf_rel\">\n\t\t\t\t    \t\t\t\t\t    <input type=\"text\" name=\"contact-name\" placeholder=\" \" id=\"tb_za7b844-contact-name\" value=\"\" class=\"form-control\" required>\n\t\t\t\t    \t\t\t\t    \t\t\t\t\t    <span class=\"tb_contact_label\">\n\t\t\t\t\t\t    <span class=\"tb-label-span\">Your Name <\/span><span class=\"required\">*<\/span>\t\t\t\t\t    <\/span>\n\t\t\t\t    \t\t\t    <\/div>\n\t\t<\/div>\n\t    \n\t\t    \t\t    <div class=\"builder-contact-field builder-contact-field-email builder-contact-text-field\">\n\t\t\t    <label class=\"control-label\" for=\"tb_za7b844-contact-email\">\n\t\t\t\t\t\t\t\t\t\t<span class=\"tb-label-span\">Your Email <\/span><span class=\"required\">*<\/span>\t\t\t\t<\/label>\n\t\t\t    <div class=\"control-input tf_rel\">\n\t\t\t\t    \t\t\t\t\t    <input type=\"email\" name=\"contact-email\" placeholder=\" \" id=\"tb_za7b844-contact-email\" value=\"\" class=\"form-control\" required>\n\t\t\t\t    \t\t\t\t    \t\t\t\t\t    <span class=\"tb_contact_label\">\n\t\t\t\t\t\t    <span class=\"tb-label-span\">Your Email <\/span><span class=\"required\">*<\/span>\t\t\t\t\t    <\/span>\n\t\t\t\t    \t\t\t    <\/div>\n\t\t<\/div>\n\t    \n\t\t    \t\t    \t\t    <div class=\"builder-contact-field builder-contact-field-extra builder-contact-text-field builder-contact-tel-field\">\n\t\t\t\t\n\t\t\t\t<label class=\"control-label\" for=\"field_extra_tb_za7b844_0\">\n\t\t\t\t\t\n\t\t\t\t\tTelephone\t\t\t\t\t\t\t\t\t\t\t<input type=\"hidden\" name=\"field_extra_name_0\" value=\"Telephone\">\n\t\t\t\t\t\t\t\t\t\t\t<span class=\"required\">*<\/span>\n\t\t\t\t\t\t\t\t\t<\/label>\n\t\t\t\t<div class=\"control-input tf_rel\">\n\t\t\t\t\t\t\t\t\t\t\t<input type=\"tel\" name=\"field_extra_0\" id=\"field_extra_tb_za7b844_0\" placeholder=\" \" class=\"form-control\" required>\n\t\t\t\t\t\n\t\t\t\t\t\t\t\t\t\t\t<span class=\"tb_contact_label\">\n\t\t\t\t\t\t\tTelephone\t\t\t\t\t\t\t\t<span class=\"required\">*<\/span>\n\t\t\t\t\t\t\t\t\t\t\t\t\t<\/span>\n\t\t\t\t\t\t\t\t\t<\/div>\n\t\t    <\/div>\n\t    \n\t\t    \t\t    <div class=\"builder-contact-field builder-contact-field-message builder-contact-textarea-field\">\n\t\t\t    <label class=\"control-label\" for=\"tb_za7b844-contact-message\">\n\t\t\t\t\t\t\t\t\t\t<span class=\"tb-label-span\">Message <\/span>\t\t\t\t<\/label>\n\t\t\t    <div class=\"control-input tf_rel\">\n\t\t\t\t    \t\t\t\t\t    <textarea name=\"contact-message\" placeholder=\" \" id=\"tb_za7b844-contact-message\" class=\"form-control\"><\/textarea>\n\t\t\t\t    \t\t\t\t    \t\t\t\t\t    <span class=\"tb_contact_label\">\n\t\t\t\t\t\t    <span class=\"tb-label-span\">Message <\/span>\t\t\t\t\t    <\/span>\n\t\t\t\t    \t\t\t    <\/div>\n\t\t<\/div>\n\t    \n\t\t    \t\t\n\t\t\n\t    \n\t    <div class=\"builder-contact-field builder-contact-field-send control-input tf_textc tf_clear tf_rel\">\n\t\t\t<button type=\"submit\" class=\"btn btn-primary\">\n\t\t\t\t<span class=\"tf_loader\"><\/span>\t\t\t\t<span class=\"tf_submit_icon\"><\/span> \n\t\t\t\tSend\t\t\t<\/button>\n\t    <\/div>\n\t<\/div>\n    <\/form>\n    <\/div>\n<!-- \/module contact -->\n        <\/div>\n                        <\/div>\n        <\/div>\n                        <div  data-lazy=\"1\" class=\"module_row themify_builder_row tb_7kdi838 tf_w\">\n                        <div class=\"row_inner col_align_top tb_col_count_1 tf_box tf_rel\">\n                        <div  data-lazy=\"1\" class=\"module_column tb-column col-full tb_hkvx841 first\">\n                            <div  data-lazy=\"1\" class=\"module_subrow themify_builder_sub_row tf_w col_align_top tb_col_count_1 tb_58fo841\">\n                <div  data-lazy=\"1\" class=\"module_column sub_column col-full tb_8a9y842 first\">\n                    <!-- module icon -->\n<div  class=\"module module-icon tb_8p4a842    icon_horizontal tf_textl\" data-lazy=\"1\">\n            <div class=\"module-icon-item\">\n                                                                <em class=\"tf_boxtransparent\"><svg  class=\"tf_fa tf-ti-location-pin\" aria-hidden=\"true\"><use href=\"#tf-ti-location-pin\"><\/use><\/svg><\/em>\n                                                                            <span>Address<\/span>\n                                                            <\/div>\n    <\/div>\n<!-- \/module icon -->\n<!-- module text -->\n<div  class=\"module module-text tb_vdw8842   \" data-lazy=\"1\">\n        <div  class=\"tb_text_wrap\">\n        <p>Phillipi 383<br>Puerto Natales<br>Provincia de \u00daltima Esperanza<br>Regi\u00f3n de Magallanes y Ant\u00e1rtica<br>Chilena<br>Chile<\/p>    <\/div>\n<\/div>\n<!-- \/module text --><!-- module icon -->\n<div  class=\"module module-icon tb_sgao842    icon_horizontal tf_textl\" data-lazy=\"1\">\n            <div class=\"module-icon-item\">\n                                                                <em class=\"tf_boxtransparent\"><svg  class=\"tf_fa tf-fas-fax\" aria-hidden=\"true\"><use href=\"#tf-fas-fax\"><\/use><\/svg><\/em>\n                                                                            <span>Help<\/span>\n                                                            <\/div>\n    <\/div>\n<!-- \/module icon -->\n<!-- module text -->\n<div  class=\"module module-text tb_hqvs842   \" data-lazy=\"1\">\n        <div  class=\"tb_text_wrap\">\n        <p><span style=\"text-align: center; font-size: 1em;\">+56612411553<\/span><\/p>    <\/div>\n<\/div>\n<!-- \/module text -->        <\/div>\n                    <\/div>\n        <!-- module icon -->\n<div  class=\"module module-icon tb_k3xp183    icon_horizontal \" data-lazy=\"1\">\n            <div class=\"module-icon-item\">\n                                                                <em class=\"tf_box\"><svg  class=\"tf_fa tf-fab-whatsapp\" aria-hidden=\"true\"><use href=\"#tf-fab-whatsapp\"><\/use><\/svg><\/em>\n                                                                            <span>Whataspp<\/span>\n                                                            <\/div>\n    <\/div>\n<!-- \/module icon -->\n<!-- module text -->\n<div  class=\"module module-text tb_1vn9836   \" data-lazy=\"1\">\n        <div  class=\"tb_text_wrap\">\n        <p><a href=\"https:\/\/wa.me\/+56985985132\">Click to send message.<\/a><\/p>\n    <\/div>\n<\/div>\n<!-- \/module text -->        <\/div>\n                        <\/div>\n        <\/div>\n                        <div  data-css_id=\"5bzj838\" data-lazy=\"1\" class=\"module_row themify_builder_row fullwidth tb_5bzj838 tf_w\">\n                        <div class=\"row_inner col_align_top tb_col_count_1 tf_box tf_rel\">\n                        <div  data-lazy=\"1\" class=\"module_column tb-column col-full tb_u5q5844 first\">\n                    <!-- module maps pro -->\n<div  id=\"tb_8kdc845\" class=\"module module-maps-pro tb_8kdc845  tf_lazy\" data-zoom=\"5\" data-type=\"ROADMAP\" data-address=\"Phillipi 383, Puerto Natales, Chile\n\" data-scrollwheel=\"\" data-draggable=\"enable\" data-disable_map_ui=\"\" data-polyline=\"\" data-geodesic=\"\" data-polylineStroke=\"2\" data-polylineColor=\"\" data-trigger=\"\" data-mapid=\"\" data-legacymarkers=\"\" data-lazy=\"1\">\n\t\n\t\t\t<div class=\"maps-pro-canvas-container\">\n\t\t\t<div class=\"maps-pro-canvas\" style=\"width:100%;height:695px\"><\/div>\n\t\t<\/div>\n\t\t\t\t\t<template>\n\t\t\t\t\t\t\t\t\t<div data-address=\"Phillipi 383, Puerto Natales\n\" data-image=\"https:\/\/hostalfrancisdrake.com\/site\/wp-content\/uploads\/2025\/01\/map-marker.png\">\n\t\t\t\t\t\tHostal Francis Drake\t\t\t\t\t<\/div>\n\t\t\t\t\t\t\t<\/template>\n\t\t\t\t\n\t<\/div>\n<!-- \/module maps pro -->        <\/div>\n                        <\/div>\n        <\/div>\n        <\/div>\n<!--\/themify_builder_content-->","protected":false},"excerpt":{"rendered":"<p>Phillipi 383Puerto NatalesProvincia de \u00daltima EsperanzaRegi\u00f3n de Magallanes y Ant\u00e1rticaChilenaChile<\/p>\n","protected":false},"author":1,"featured_media":0,"parent":0,"menu_order":0,"comment_status":"closed","ping_status":"closed","template":"","meta":{"footnotes":""},"class_list":["post-61","page","type-page","status-publish","hentry","has-post-title","has-post-date","has-post-category","has-post-tag","has-post-comment","has-post-author",""],"builder_content":"<h3>Contact Us<br\/>Get in touch with us<\/h3>\n<img src=\"https:\/\/hostalfrancisdrake.com\/site\/wp-content\/uploads\/2025\/01\/coffee-bean-divider.png\" title=\"coffee-bean-divider\" alt=\"coffee-bean-divider\">\n<h3>Write To Us<br\/><\/h3>\n<form id=\"tb_za7b844-form\" method=\"post\" data-post-id=\"0\" data-element-id=\"za7b844\" data-orig-id=\"61\" > <label for=\"tb_za7b844-contact-name\"> Your Name * <\/label> <input type=\"text\" name=\"contact-name\" placeholder=\" \" id=\"tb_za7b844-contact-name\" value=\"\" required> Your Name * <label for=\"tb_za7b844-contact-email\"> Your Email * <\/label> <input type=\"email\" name=\"contact-email\" placeholder=\" \" id=\"tb_za7b844-contact-email\" value=\"\" required> Your Email * <label for=\"field_extra_tb_za7b844_0\"> Telephone <input type=\"hidden\" name=\"field_extra_name_0\" value=\"Telephone\"> * <\/label> <input type=\"tel\" name=\"field_extra_0\" id=\"field_extra_tb_za7b844_0\" placeholder=\" \" required> Telephone * <label for=\"tb_za7b844-contact-message\"> Message <\/label> <textarea name=\"contact-message\" placeholder=\" \" id=\"tb_za7b844-contact-message\"><\/textarea> Message <button type=\"submit\"> Send <\/button> <\/form>\n<em><svg aria-hidden=\"true\"><use href=\"#tf-ti-location-pin\"><\/use><\/svg><\/em> Address\n<p>Phillipi 383<br>Puerto Natales<br>Provincia de \u00daltima Esperanza<br>Regi\u00f3n de Magallanes y Ant\u00e1rtica<br>Chilena<br>Chile<\/p>\n<em><svg aria-hidden=\"true\"><use href=\"#tf-fas-fax\"><\/use><\/svg><\/em> Help\n<p>+56612411553<\/p>\n<em><svg aria-hidden=\"true\"><use href=\"#tf-fab-whatsapp\"><\/use><\/svg><\/em> Whataspp\n<p><a href=\"https:\/\/wa.me\/+56985985132\">Click to send message.<\/a><\/p>\n<template> Hostal Francis Drake <\/template>","_links":{"self":[{"href":"https:\/\/hostalfrancisdrake.com\/site\/wp-json\/wp\/v2\/pages\/61","targetHints":{"allow":["GET"]}}],"collection":[{"href":"https:\/\/hostalfrancisdrake.com\/site\/wp-json\/wp\/v2\/pages"}],"about":[{"href":"https:\/\/hostalfrancisdrake.com\/site\/wp-json\/wp\/v2\/types\/page"}],"author":[{"embeddable":true,"href":"https:\/\/hostalfrancisdrake.com\/site\/wp-json\/wp\/v2\/users\/1"}],"replies":[{"embeddable":true,"href":"https:\/\/hostalfrancisdrake.com\/site\/wp-json\/wp\/v2\/comments?post=61"}],"version-history":[{"count":20,"href":"https:\/\/hostalfrancisdrake.com\/site\/wp-json\/wp\/v2\/pages\/61\/revisions"}],"predecessor-version":[{"id":477,"href":"https:\/\/hostalfrancisdrake.com\/site\/wp-json\/wp\/v2\/pages\/61\/revisions\/477"}],"wp:attachment":[{"href":"https:\/\/hostalfrancisdrake.com\/site\/wp-json\/wp\/v2\/media?parent=61"}],"curies":[{"name":"wp","href":"https:\/\/api.w.org\/{rel}","templated":true}]}}